s the value of 10 - (7 + -3) - 3?
3
Evaluate (-6 + 10 - 3 - 5) + 2.
-2
What is -2 - (-2 + -5 + 0)?
5
Evaluate -5 - (7 + -5 + -1).
-6
What is the value of 1 + ((-11 - -5) + -2 - -3)?
-4
What is -19 + 15 + (2 - -1)?
-1
What is -5 - -11 - (-8 + 16)?
-2
Evaluate -3 + (4 + 4 + -6 - 0).
-1
Evaluate 1 + -1 + 6 - (-97 - -108).
-5
What is the value of 10 + -18 + 5 - 3?
-6
Evaluate -2 + (-3 - 1 - -5) + -2.
-3
What is 3 + 2 + (0 - 1)?
4
What is the value of -2 - (0 + -7) - (19 - 11)?
-3
Calculate 3 + -10 + 2 - -2.
-3
Evaluate 5 - 13 - (-21 + 6).
7
Calculate -5 - (6 - 2 - 4).
-5
6 + (-6 - 0) + -4 - -2
-2
What is -4 + 0 + (-8 - -6) + 6?
0
What is the value of 17 + -2 - (77 - 58)?
-4
Calculate 2 + (-1 - -2) + -3.
0
What is the value of 2 - (-3 + 5 - -2)?
-2
Evaluate (-3 - -3) + -8 - -4.
-4
(-11 - -8) + (-2 - -3) + -1
-3
9 + (-5 - (-2 - 6 - -19))
-7
2 - ((-6 - -4) + 0)
4
2 - (0 + 1 + 0)
1
What is 0 + 4 - (8 + -11 - -6)?
1
Evaluate (-3 - (-5 - (14 + -6))) + -7.
3
What is 3 + (-2 - 1) + 2?
2
What is -3 - -3 - 1 - 0?
-1
What is 9 - (-7 + (0 + 14 - 5))?
7
What is the value of -36 + 44 - (1 - -6)?
1
Calculate -1 + 1 - 1 - (-10 + 9).
0
2 + (-2 - 1) + (0 - -1)
0
2 - (-4 - (-8 + -2))
-4
Calculate 9 + 19 + -7 + -11.
10
Calculate (4 - (2 + 0)) + -9.
-7
What is the value of (4 - (4 - 2)) + -1 + 0?
1
What is -8 - -2 - -1 - -10?
5
Calculate 4 - (5 - (2 + -1)).
0
What is the value of -2 + -1 + (-4 - -10)?
3
What is the value of (3 - -3) + -1 + 2 + -5?
2
What is the value of 3 + (0 - (-4 + (0 - 0)))?
7
What is the value of 11 + 11 + -24 - (-9 + 1)?
6
What is 0 - -1 - (-7 + 11 + -7)?
4
Calculate -11 + (-1 - ((1 - 8) + 1)).
-6
(-1 - -1) + (4 - (3 + -1))
2
Calculate 0 + -4 - -2 - 0.
-2
What is the value of -1 + 0 - -2 - (-105 - -109)?
-3
What is the value of -11 + 1 + (10 - 5)?
-5
What is the value of -11 + 2 + 8 - 6?
-7
What is -12 + 14 + -7 - -7?
2
0 + 10 + -3 - 3
4
-3 + (-6 - 1 - -8) - 7
-9
What is the value of -3 + (5 - (-2 + 2))?
2
-2 + (6 + -1 - (4 - 0))
-1
Evaluate -7 + 2 + 4 + -3.
-4
Calculate 16 + -12 - (0 + 2 + -2).
4
What is the value of 6 + -1 + (-4 - -1) + 2?
4
Evaluate (4 - -3) + -3 + 1 + -1.
4
What is the value of (-6 + 3 - -4) + -3?
-2
Calculate 0 - 1 - (2 + 1).
-4
What is -3 + 3 + (4 - 1)?
3
Evaluate 5 + -2 + 1 - 3.
1
Evaluate 1 - (-6 - (-3 + 0)).
4
Evaluate (-35 - -38) + (6 + -1 - 2).
6
What is the value of -4 + -3 + 0 + 7 + 3?
3
What is -7 + 13 - (7 + (-5 - -7))?
-3
Evaluate -12 + 14 + (-2 - -1).
1
What is (-14 - (7 + -15)) + 11 + -2?
3
Evaluate -1 + (-8 - (-2 - (4 + -2))).
-5
What is (-1 - -5 - 15) + -3 + 10?
-4
(3 - 6 - -1) + (5 - 3)
0
Evaluate 3 - 0 - ((33 - -5) + -26).
-9
What is 8 - (9 - -9) - -1?
-9
1 + -2 + (5 - (5 - 2))
1
Calculate -2 + 13 + -3 + -13 + 6.
1
What is the value of 31 + -30 + -1 + 0?
0
Calculate -3 - (-1 + (0 - (4 - 7))).
-5
-4 - (-3 - -4 - 0)
-5
Calculate -12 + 3 + 7 + 7.
5
What is 4 + -2 + 4 - 2?
4
Calculate -2 - (-2 - (0 + 2 - 4)).
-2
What is the value of 1 + -2 - (7 + -7 - 3)?
2
Evaluate 1 + 10 + -6 + -5.
0
What is -2 + 0 + 3 + -3 - 1?
-3
Evaluate 33 - 32 - (-1 - (-1 + 0)).
1
-5 + (10 + -11 - (-1 - 4))
-1
12 + -11 + (0 - 1) + 4
4
What is the value of -2 + (-9 - -4) + 2?
-5
What is the value of -5 + 5 + -2 - (0 - 3)?
1
7 - (0 + 1) - 8
-2
Evaluate -7 - (3 + -4 + -1).
-5
2 + 2 + -3 + -1 + -4
-4
(5 - (-5 - -10)) + (0 - 3)
-3
-24 - (-12 + -25) - (5 + -1)
9
What is the value of (8 + -5 - -1) + 0 + -2?
2
What is -9 + (-4 - -6 - 5) + 4?
-8
Calculate -12 + (23 - 19) + -2 + 1.
-9
What is (9 - 2 - 15) + (1 - 0)?
-7
What is 0 - -4 - (53 - 49)?
0
Evaluate -4 - (-1 - (-2 - (0 - 5))).
0
0 + -5 - (93 + -107)
9
What is the value of 5 - 3 - (-5 - -2)?
5
7 - ((-3 - -4 - 3) + 4)
5
Calculate -1 - (-4 + 2 - -2).
-1
Calculate (-8 - (2 - 0 - 5)) + 2.
-3
0 + -3 + 0 + 8
5
-2 - ((2 - 4 - 2) + 5)
-3
6 + (0 - 3) - 9 - -4
-2
Calculate (2 - (16 + -1)) + -1 + 3.
-11
What is the value of (-5 - 4) + 14 + -6?
-1
What is the value of 3 + -1 + -7 + 0?
-5
What is (-6 - -2) + (-9 - -10)?
-3
Evaluate 6 - (16 - -5) - -8.
-7
Calculate (-1 - (-4 - 2)) + -1 + -2.
2
Evaluate 3 + 0 - (4 - -12 - 17).
4
What is the value of 4 - (0 - (-2 + 2) - -4)?
0
Evaluate -2 - 0 - (0 - (4 + -2)).
0
Evaluate 5 + (-2 + 6 - 12).
-3
What is the value of -6 + 3 + 4 + 2 + 2?
5
Calculate 4 + (1 - 8) + -1.
-4
Calculate 17 - (-9 + 25 + -5).
6
Calculate 5 + -9 + (6 - 3).
-1
Calculate (-6 + 4 - -9) + -4 - 8.
-5
What is the value of 6 - (4 + 6 + -2)?
-2
(-3 + -1 - -7) + 1
4
Calculate 6 - (-6 + (4 - -5)) - 0.
3
What is the value of -4 + (-5 - -2 - (-1 - 2))?
-4
What is (-5 - -1) + -19 + 31?
8
Evaluate 4 + 1 + 2 + (-2 - 5).
0
(-1 - (2 - 2)) + -2 + 2
-1
What is (6 + -1 + -2 - 11) + 3?
-5
Calculate (38 - 50) + 1 + 17.
6
9 + 0 + 75 + -83
1
Calculate -1 - (-1 + -4 - (0 - 0)).
4
What is the value of -2 - 0 - (-21 - -17)?
2
What is the value of -3 + 1 + 8 + -2?
4
What is the value of 118 - 131 - (-9 - 0)?
-4
Calculate -25 + 5 + 4 - -11.
-5
What is (-8 - -9) + -3 + -2?
-4
What is the value of -9 + -2 + 7 + (-4 - -2)?
-6
-5 + -2 + 2 + -1
-6
Evaluate -9 + (-14 - (-14 + -13)).
4
What is 7 + -2 - -2 - 2 - 1?
4
-5 + -1 - (41 - 44)
-3
Evaluate 7 + -15 + (7 - 8).
-9
Evaluate (-4 - -11 - 7) + (0 - 2).
-2
Evaluate 2 + (1 - (-1 - -2) - -3).
5
Calculate 5 + (6 - (14 - -4)) + 3.
-4
Calculate -2 + (1 - (-4 - -3)) + -5.
-5
Evaluate -2 - (0 - 3 - -2 - 4).
3
(-4 - -1) + (-13 - -18)
2
Evaluate 1 - (-3 - 0 - -8) - -8.
4
What is -4 - (-16 - -6 - -1)?
5
Calculate -2 + (-2 - -2) + 1.
-1
1 - 14 - (-171 - -161)
-3
10 + -7 - -4 - 6
1
What is -3 - (0 + -1) - -1?
-1
Calculate 4 - (-3 - (6 + -9)).
4
What is -9 + -9 + 6 + 9?
-3
What is the value of (-2 - -2) + -10 + 14?
4
What is (-4 - -11 - 14) + -1?
-8
Calculate 3 - 0 - (-12 + 13) - 3.
-1
What is 3 + (2 - (4 + 0))?
1
Calculate 5 - (-3 + -1 + 2 + 4).
3
Calculate -5 + -2 + 3 + 1 + 4.
1
What is the value of -6 + 4 + 6 + 0?
4
What is 9 + (-1 - (-3 + -2 - -7))?
6
Calculate 0 + 4 + -2 + 1.
3
What is 10 + (4 - (-14 - -18))?
10
What is the value of (2 - 10) + 8 - -4?
4
What is 1 + -2 + 6 + 22 + -33?
-6
Calculate -4 - (-9 + 3 + 11).
-9
Evaluate 1 + -2 - (-3 - 0).
2
Calculate (-9 - -6) + (-5 - -5).
-3
Calculate (-1 - 3) + 0 - -8.
4
0 - (4 + (-4 - -3) - 6)
3
What is the value of -3 + (0 + 1 - 4)?
-6
Calculate -2 - 6 - (-2 - (1 + 0)).
-5
What is the value of (-2 - -2) + (1 - 4) - -8?
5
Evaluate -4 - (1 + -1 + -8).
4
Evaluate 0 + 3 + -3 + -2.
-2
Evaluate -2 + 4 - (3 - -1).
-2
Evaluate (6 - (-3 - -4)) + -12.
-7
30 + -28 - (0 + 0) - 5
-3
-1 + -7 - (1 + -17 - -13)
-5
(-14 - 2 - -10) + 4 + -3
-5
Calculate 9 - 0 - 6 - (0 - -2).
1
Evaluate (-5 - (-2 + -2)) + 3.
2
5 + -4 + -2 - (4 - -2)
-7
What is -8 + -2 - (-44 - -38)?
-4
Calculate -2 + 1 + (0 - (1 + 3)).
-5
What is 11 - (2 - -3) - (6 - 9)?
9
Evaluate (62 - 67) + 3 + 1 + -1.
-2
Calculate -5 + -2 - (0 + -8 - 1).
2
-12 - (-14 - -24 - 21)
-1
-5 + -3 - (-4 + 4)
-8
-5 + (0 - 0) + (4 - 2)
-3
Evaluate 7 + -17 + 9 + 6.
5
Evaluate 1 - -2 - 1 - (201 + -191).
-8
Evaluate 7 + (-2 + -14 - -13).
4
Calculate -6 - (-5 - 3) - 4.
-2
Calculate (3 - -2) + 1 - 4.
2
Evaluate 11 + 13 + -16 + -7.
1
What is -4 - (-3 + 4 + -8)?
3
Calculate 5 - 2 - (-5 - -13).
-5
What is the value of 13 + (-10 - -18 - 23)?
-2
What is the value of (0 - (0 + 3)) + 3?
0
Evaluate 2 - ((-6 + 1 - -7) + 0).
0
Calculate 5 + (-4 - 1 - -4 - 4).
0
(-6 + 0 - -3) + 4
1
What is -1 + -5 - ((-1 - 2) + -2)?
-1
3 - (3 + -6) - -1
7
(6 - (11 - 2)) + -2 + -1
-6
What is the value of -18 - -21 - (-1 - -1)?
3
(-4 - 1) + (15 - 9)
1
Calculate -8 + 1 + -2 + 5.
-4
-1 - 3 - (14 + -15)
-3
What is the value of 3 + -2 + 1 + 2 + -2?
2
Evaluate -1 - (-7 + 11 + -13).
8
Evaluate 1 + -7 + 1 + (6 - 3).
-2
Evaluate (5 - -2) + (-4 - 9).
-6
(4 - (5 - 8)) + -8
-1
What is 35 + -36 + -4 + 0?
-5
Evaluate 5 + 1 - (6 - (8 - 5)).
3
Calculate -4 + (-3 - -3) + 5.
1
Calculate 2 - ((2 - 2) + 7 + -6).
1
What is -11 + -12 + 25 - (-3 + -1)?
6
What is (1 - -7) + (0 - 4)?
4
What is the value of -8 - ((-2 - -10 - 10) + -7)?
1
Calculate 3 - -1 - 3 - (-6 - -6).
1
3 + (3 - 1) - (-27 - -31)
1
Calculate -1 - (4 - (-1 - -3)).
-3
What is the value of (9 - (2 - -1)) + -5?
1
(23 - -1) + -16 + 0 + 0
8
-4 + -2 + (7 - 1)
0
What is -34 - -39 - (1 + 0)?
4
Calculate -4 + ((9 - -1) + -4 - 2).
0
Evaluate -1 - (3 - 1) - 2.
-5
What is the value of 22 + -6 + -8 - 13?
-5
C